mposite number?
True
Let m(z) = 20*z**2 + 40*z + 103. Let v = 628 + -608. Is m(v) composite?
True
Let v = -16720 - -42159. Is v a composite number?
False
Let s = -65 - -86. Suppose s*v - 1432 = 13*v. Is v a prime number?
True
Suppose -4105 = -2*i + k, 23*i - 3*k - 10262 = 18*i. Is i composite?
False
Suppose -9*i + 21*i = 48. Suppose 492 = i*f + 4*o, -2*o - 107 = -f + o. Is f a composite number?
True
Let s be 961/(-6) + (69/18)/23. Is (-638496)/s + -1*(-2)/5 a composite number?
True
Let d(f) = -719*f**3 - 3*f**2 + 648*f + 5791. Is d(-9) composite?
False
Suppose -338 = -0*m + 2*m - 5*h, 0 = m - 2*h + 169. Let f = m + 1272. Is f a composite number?
False
Suppose -3*r = -4*r + 3. Let x be -7*r*(-1)/3. Suppose 3*f = x*f - 2532. Is f composite?
True
Let c = 35721 + -2344. Is c composite?
False
Suppose 5*z - 12573 = 6537. Let x = 7193 - z. Is x a composite number?
False
Let l be ((-3)/(-6))/((-3)/(-8808)). Let f = -730 + l. Suppose -1348 = -7*k + f. Is k prime?
False
Let l(y) = -y**2 + y - 615. Let s be l(0). Let g be -5 - 72/(-15) - 11662/(-10). Let b = s + g. Is b a prime number?
False
Let w(f) = 128 - 118 + 34*f - 113*f. Is w(-7) a prime number?
True
Let y be 4 - ((-2)/(-6) + (-152488)/21). Let t = y + -4806. Is t prime?
True
Let b = -45 - -48. Suppose 35 = 4*h + 2*p + b*p, -2*p = -5*h + 52. Is 33/55 + 15104/h composite?
False
Is -12 + 140310 + (-8)/8*3/3 a composite number?
False
Let s(y) = -y**3 + 20*y**2 + 13*y - 24. Let h be (-19)/(4/(-7 - -3)). Let n be s(h). Suppose -p + n = q - 0*p, 0 = p + 3. Is q a composite number?
False
Suppose 5*p + 4038 = 3*b - 953, 4*b - 6658 = 5*p. Let m = b + 1071. Suppose 0*y + m = 2*j - y, -3*j + 4*y + 4117 = 0. Is j a composite number?
False
Suppose -3*r + 738 = -6*j + j, 762 = 3*r + 3*j. Suppose -r*c = -247*c - 8596. Is c composite?
True
Let a be -3 + 9 + -1 + -3. Is (-1 + 5 + (-1359)/(-2))*a prime?
True
Suppose 864496 = 17*a - 312397. Is a composite?
True
Let a be 3*(14/(-6) + 0). Let h be (a - (4 - 10)) + (-260 - 0). Let b = h - -498. Is b a prime number?
False
Let q(g) = 85*g**2 - 12*g - 19. Let r be q(-2). Let k = r - -806. Is k composite?
False
Suppose -7*i + 10*i + 35 = 4*v, 0 = -3*i - 15. Suppose v*y = 6103 + 19152. Is y a composite number?
False
Is (-1 - -1 - -1)*41 + -403 + 399 composite?
False
Suppose 248 = -y + 5*y. Let s(v) = -2*v**3 + v**2 + 12*v + 2. Let j be s(-3). Suppose y = b - j. Is b a composite number?
True
Suppose -176301 - 9341324 = 81*v - 117325952. Is v a prime number?
False
Let w = -184769 - -359210. Is w a prime number?
False
Let y be 6508/3*276/368. Let h = y - -12768. Is h prime?
False
Let k = 311 + -309. Suppose k*c = 4*r + 2006, -c + 2*c - 4*r - 997 = 0. Is c a prime number?
True
Let v = 185 + -181. Suppose -v*a + 14531 = -a - 2*r, -14536 = -3*a + r. Is a prime?
False
Let c(g) = 5924*g**3 + 3*g**2 - 30*g + 15. Is c(4) a prime number?
False
Let z = 168 - 166. Suppose 114 = z*f - 184. Is f a composite number?
False
Let s(f) = 7*f**2 + 41*f - 27. Is s(23) prime?
False
Is (-3 - -2) + 13 - -196735 prime?
False
Is 1129112/80 + (-10)/(-100) a prime number?
False
Let m(k) = 230268*k**2 + 24*k - 23. Is m(1) a composite number?
True
Is 60/(-14) - -3 - (-43481088)/882 a prime number?
True
Let f = 18 + -15. Suppose -4*r - 20 = 0, -f*r - 5 = -5*o - 0*o. Is 149/((-9)/o + -4) composite?
True
Suppose -9 = -2*z + 5*t + 1, 5*z - 3*t = 25. Suppose -1143 = 4*m - z*m. Suppose m = 8*d + d. Is d a prime number?
True
Let k(v) = -4*v**2 - 6 + 4*v**3 - 3*v**3 - 8*v - 3*v**2. Let i be k(8). Is 3/(i/8) - -131 prime?
True
Suppose -4*g + 69 = -3*d, 0 = -5*g - 5*d + 7*d + 81. Let c = g - 12. Suppose -c*l = -4*l + 82. Is l composite?
True
Let i = -249 + 253. Suppose 0 = -i*d + 8*d - 5132. Is d prime?
True
Suppose 1705848 + 2916882 = 57*p + 26649. Is p a prime number?
False
Suppose -m - 2 = -3*v + 3, 4*v - 2*m = 10. Suppose 4*s + 2*h + 12156 = v, 0*s - 2*s - 3*h = 6086. Let n = -2148 - s. Is n prime?
False
Is (-7*15/105)/(0 - (-1)/(-38987)) composite?
True
Suppose 0 = -22*a + 150 - 40. Suppose -21*k = a*r - 24*k - 101339, 20277 = r + 4*k. Is r a composite number?
False
Suppose -32*i = -4*z - 30*i + 4143778, -3*i + 2071925 = 2*z. Is z a prime number?
True
Let p be ((-8)/20)/((-4)/(-40)). Is (p/(-14))/((-38)/(-1683514)) a prime number?
False
Suppose k + 4*x = -x + 3641, 0 = 3*k + 3*x - 10935. Suppose k = d + d. Is d prime?
True
Let j(a) be the first derivative of -a**2/2 + a + 42. Let p(o) = o**3 - 6*o**2 - 11*o + 46. Let h(b) = -3*j(b) + p(b). Is h(18) a composite number?
True
Let b(k) = 4*k**2 + 22*k - 23. Let y = 126 + -106. Is b(y) composite?
False
Let g(f) = -f**2 - 3*f - 395. Let o be g(0). Let u = 695 + o. Let n = 37 + u. Is n a composite number?
False
Suppose 19*v + 8*v - 4538190 = -3*v. Is v a prime number?
True
Suppose -20 = -4*o - 3*t - t, 5*t - 25 = -2*o. Let w(c) = -c**2 + 3*c - 3265. Let f be w(o). Let k = f + 4859. Is k a composite number?
True
Let f be (20/(-6))/1*24/(-5). Let x = 14 - f. Is 1 + x - (-12720)/20 composite?
True
Suppose -g + 5*s - 6114 = 0, -2*s + 28599 = -4*g + 4053. Is (-4)/1 + 4 - g a composite number?
True
Let u(q) be the second derivative of 13*q**6/360 + q**5/120 - 5*q**4/6 - 16*q. Let t(d) be the third derivative of u(d). Is t(3) prime?
True
Let t = 5135 + 894. Is t prime?
True
Is 11351 + -152 - (-12 - -2) composite?
True
Let o(j) = 13286*j**2 - 12*j - 669. Is o(-16) a composite number?
False
Let o(b) be the third derivative of 161*b**5/60 - 2*b**4 + 17*b**3/6 + 2*b**2 + 59*b. Is o(-6) a composite number?
False
Let m = 254955 + -94216. Is m a prime number?
True
Let j(o) = -99*o + 6. Let x be j(6). Let c = -1380 - x. Is -1 - (2 + -2 - c/(-2)) prime?
False
Suppose 0 = a + 1726*r - 1729*r - 461587, -1384789 = -3*a + 2*r. Is a prime?
True
Let z(w) = 109981*w + 1004. Is z(5) composite?
False
Let m be (15/(-9))/((-1)/3). Suppose -5*f - 29830 = m*f. Let g = -546 - f. Is g prime?
True
Let u(l) = l**3 - 19*l**2 + l - 23. Let i be u(19). Let q(h) = 386*h - 125. Let g(v) = -129*v + 42. Let n(y) = i*q(y) - 11*g(y). Is n(-9) composite?
False
Let d(l) = 6*l**2 + 7*l + 3. Let f be d(-8). Suppose -8 = 2*c, f = 4*u + 3*c - 77. Is (-14)/u - 304/(-30) prime?
False
Suppose -9*k - 93531 = -8*k + 5*f, 5*f = -5*k - 467755. Let s = -36561 - k. Is s a composite number?
True
Suppose 1257 = -3*t - 4*c + 13590, -4*t + 16444 = -3*c. Let s = 6690 - t. Is s a prime number?
True
Suppose 0 = -h - w + 13, 0*w - 33 = -3*h + 3*w. Suppose -h = 34*f - 37*f. Suppose f*l - 18 - 290 = 0. Is l composite?
True
Is ((-4)/10)/((-12 - -20) + 2750210/(-343775)) a prime number?
True
Let d(b) = 6*b + 24. Let z be d(-4). Let u = 2054 - 1287. Suppose z = v - 242 - u. Is v composite?
False
Suppose -711*g + f - 544404 = -713*g, 0 = -2*g + 2*f + 544398. Is g a prime number?
True
Suppose 14*q - 16466 = 12*q. Let x = q - 4344. Is x a prime number?
True
Let n = 2 - 2. Let u be (30/(-14) - 43/(-301)) + 6. Suppose u*y - 4*x - 21244 - 9492 = n, -4*x + 15350 = 2*y. Is y prime?
True
Suppose t - 42456 = -1054*i + 1059*i, -i = -7. Is t prime?
True
Let g = -11 + 16. Let j be g/20 - (-3865)/(-4). Is j/(2 - 4) - -2 a composite number?
True
Let i = -9190 + 27417. Is i prime?
False
Suppose 1153374 = 31*g - 32832763. Is g composite?
False
Suppose g = 5*u + 16403, 65681 = 4*g - 6*u + 9*u. Is g a composite number?
True
Let m(b) = b**2 + 6*b + 7. Let i be m(-5). Suppose -2*l + 3*l + 90 = i*c, l + 91 = c. Is l/12*(3 + -18) composite?
True
Let j(h) = -463*h**3 + 21*h**2 - 52*h + 13. Is j(-8) prime?
True
Let t(d) = -171*d - 90. Let n be t(-3). Let s = n + -218. Is s composite?
True
Suppose 42229 = 5*d - 8*d + 4*n, 3*d = 2*n - 42233. Let k = -8924 - d. Is k a prime number?
False
Suppose -47 = 8*g - 31. Let c be (-1 + 0 + 0)*(g + -3). Suppose -367 = -c*q + 468. Is q composite?
False
Let q(z) = 188*z**2 + 107*z - 2049. Is q(24) a prime number?
False
Let w(r) = -136*r**2 - 8*r + 123. Let x be w(10). Let o(q) = -q**2 - 2*q - 1. Let t be o(2). Is x/t - 6/(-9) a prime number?
False
Let n = 585 - 581. Let l(u) = 67*u**3 - 6*u**2 + u + 5. Is l(n) a prime number?
True
Suppose 0 = -3*t - g + 3981282, -2*t - g + 619234 + 2034957 = 0. Is t a prime number?
True
Suppose 0 = -168*h + 44833159 - 24267309 + 62258318. Is h a prime number?
True
Suppose 2*k = -5*c - 2,